) - 30.
-47
What is the value of -1 - -16 - (-26 + 32 + -18)?
27
42 + (-4 - -2) + 41 + -112
-31
Evaluate -11 - (32 + -32 - (-2 + -4)).
-17
(-9 - (-10 - 7 - -15)) + -1 - -50
42
-9 - 12 - (-1 - -5) - (2 - (8 + -9))
-28
-35 + (-3 - 17 - -22) + 84
51
What is the value of 12 - (2 + -21 + 39) - (-11 + 1) - 10?
-8
-42 - -3 - (275 + -292)
-22
Evaluate (1046 - 1024) + (-4 - 110).
-92
-9 + -53 + 80 + -15 + (83 - 0 - 1)
85
Calculate (-3 - -22 - (32 + -13)) + (-53 - (2 + -3)).
-52
Evaluate 5 + -11 - (-74 + 4 + 14 + -30).
80
850 + -864 + (-2 - -4)
-12
Evaluate 15 + 17 + -6 - (-102 + 116).
12
What is -106 + 14 + (8 - 36) + 53?
-67
What is (11 - 4) + 1 + 1 + 0 + -40?
-31
Evaluate (-7 - -3) + (1051 - 1062).
-15
What is the value of 13 + (-30 + 19 - -2)?
4
-95 + (-89 - -296) - 176
-64
What is the value of -4 - ((69 - -33) + -51)?
-55
Calculate 27 - (-107 + (61 - -17)).
56
Evaluate (-1 - -31) + 221 + -366 + 176.
61
What is the value of 28 - ((-13 - 4) + 43 + -2)?
4
Evaluate (-14 - (-21 - 4)) + 12 - 30.
-7
What is -4 - 1 - (32 + 127 + -12 - (-15 - -35))?
-132
Evaluate 78 - 79 - (2 - (-17 + -26)).
-46
Evaluate (-2 - (-144 - -159)) + (-2 - (2 - 93)).
72
What is (42 - 50) + -30 + 55?
17
Calculate -289 + 290 - (9 + 38).
-46
Calculate -35 + 18 + 38 + 24.
45
What is the value of (-2 + 5 - 1) + 91 - (-72 + 144 - 64)?
85
15 + -11 + (-2 + 17 - (-35 - -45))
9
What is -42 - (11 + 4 - (-8 - (-6 + 1) - -14))?
-46
6 - (7 + -8) - (8 - 3) - (-23 - -125)
-100
Evaluate -265 + 274 - (-3 + 1 + -25).
36
What is 15 - (-34 - (-40 - 25))?
-16
Calculate (-5 + -61 - -2) + 1 + -14 - -7.
-70
What is the value of (-48 + -2 - -44) + -31?
-37
Calculate -19 + 12 + 48 - 72.
-31
What is -2 + (-86 + 41 - 7)?
-54
Evaluate -108 + (-34 - -82) + (-19 - -4).
-75
Evaluate 31 + -1 + -5 + -5 + (13 - (-18 - -14)).
37
What is the value of 2 + -37 + (12 - ((24 - 9) + -28 + 18))?
-28
What is -3 - -1 - (44 - (7 + 8 + -12))?
-43
(48 - (-21 + -31)) + 2 + -11 - 0
91
What is the value of 51 - (1 - -67) - ((3 - 60) + 2)?
38
4 - ((5 - 1 - 105) + (-482 - -460))
127
What is 34 - (-12 - -72) - -46?
20
Calculate 38 + 6 + 24 - 89.
-21
Calculate -5 + 3 + (-10 - -8) + -49.
-53
What is the value of 11 + 33 - (143 - 155) - (15 - 0)?
41
Evaluate (9 - -11 - 26 - 17) + 14.
-9
What is -20 + 11 + -4 + 12 + -28?
-29
(32 - 3) + -30 - (18 - 4)
-15
Calculate (646 - 658) + (2 + 2 - 2) - (0 + -2).
-8
(-11 - 3) + (-1180 - -1136)
-58
28 + (-13 + 2 - (19 + -31)) + 2
31
What is the value of 2514 + -2479 - (0 + 66)?
-31
229 - 253 - (9 + -5) - -55
27
Evaluate (-18 - 31) + -120 + 157.
-12
Calculate 151 + (-11 - -7) - (270 + -240).
117
Calculate -18 + 7 - -36 - (-77 + 141).
-39
-121 + 30 - (-7 - (-23 + (-19 - -38)))
-88
Calculate 1 - (-94 + 108 + 80).
-93
Calculate 6 + (25 - -3 - -10) + 1 + -14.
31
Calculate -13 - (13 + 4 + (-6 - -12 - 10)) - -8.
-18
Evaluate (2 - 3 - -7) + (30 - -149) + -168.
17
Evaluate (114 - (24 - 34)) + 36 + -2 + -11.
147
-48 - (8 - (-49 - -76))
-29
What is the value of -12 + (22 - (20 + -13 + 18))?
-15
What is -71 - (95 - 216 - -155)?
-105
Calculate 92 + -8 - 7 - (8 - 3 - (11 + -11)).
72
Evaluate (-19 + 0 - (-84 + 54) - 17) + 17.
11
What is the value of 5 - (30 + -52 + 38 + -56)?
45
Calculate (38 - (10 - -43)) + -11.
-26
What is (33 - (4 - 1)) + (-31 - (0 - 10)) + 25?
34
What is (0 - 36) + 5092 + -4978?
78
Evaluate (-29 - -29) + 39 + -73.
-34
Calculate 13658 - 13746 - (-3 + -1 - 1).
-83
What is -71 - -2 - (-64 + 94)?
-99
-7 + (-40 - (13 - 37 - -19) - (0 - 6))
-36
(-114 - -251 - 271) + 74
-60
What is the value of -10 - 21 - (13 + -49)?
5
What is -1 + -2 + -5 + (-294 - -301) - 87?
-88
What is (-81 - 69) + 45 + 151?
46
What is (791 - 781) + (8 - -5) + -2?
21
What is the value of (21 - 1 - (7 - 1)) + -25 + 19?
8
What is the value of 1 + (-145 - (-2 + 1)) + (112 + -62 - 35)?
-128
Calculate 17 - 50 - -89 - 28.
28
What is -28 - (18 - (-39 - -131))?
46
What is -17 + -6 + 12 - (-1 - -3 - -24)?
-37
Calculate (-14 - (35 + -18) - -5) + 17.
-9
-12 + 27 + -47 + (-16 - (-1 + -131))
84
-2 - (21 + -27 + 9 + 5 + 2)
-12
Calculate -19 + 56 + -17 + -13 + 30.
37
What is the value of -6 + 12 + 123 - (-2548 - -2547)?
130
What is the value of -222 + 102 + -72 + 98?
-94
Calculate 45 - ((16 - -18) + 12).
-1
Calculate -6 + 21 - -44 - 4 - (18 - -1).
36
Evaluate -11 - (6 + (-7 - (-1 - 1)) - (208 - 160)).
36
-49 + -7 + 12 - -51
7
What is the value of (82 - 119) + 55 + (20 - -3)?
41
Calculate 51 + (-9 - 174 - -70).
-62
What is the value of -10 + -21 - (-17 - 1) - 90 - (0 - 7)?
-96
What is -1 + 2 + -12 + (22 + -2 - 14) - -29?
24
Calculate -21 + 31 + -30 + -25 - 18.
-63
Evaluate (-1 + 58 - (-12 + (-9 - -19) + 3)) + 12.
68
Calculate 3 + -25 + (-4 + -1 + 18 + -7 - 2).
-18
Evaluate 8 - (5 + 5 + 5) - (211 + -142).
-76
Evaluate -111 + 15 - (-40 - (-48 + -16)).
-120
What is the value of (-9 + 0 - (39 + -16 + -29 + -32)) + -4?
25
-25 + 12 + -51 - (12 - (-15 - -15))
-76
Evaluate 3 + 0 + (3514 - 3487).
30
Calculate -48 - (-49 + 51) - -18.
-32
What is -8 + 0 - (-7 + (18 - 17 - 17))?
15
What is the value of 67 + -50 + 24 + 1?
42
Evaluate 6 + 1 - (0 + 60 - (110 + -40 + -96)).
-79
Calculate 0 - -30 - (104 - (5 + 73)).
4
Evaluate -1 - (-64 + 69 + (-2 - 10)) - 13 - 4.
-11
Evaluate (-92 - -64 - -57) + -63.
-34
(53 - -5) + 248 + -280
26
What is 31 - (-4 + 13 - 4)?
26
-20 + -27 + 93 - 62
-16
7 - 5 - -41 - (-184 - -200)
27
Calculate (24 - 14 - -13) + -9 - (3 + (62 - 0)).
-51
Evaluate 38 - 27 - -44 - 30.
25
What is 86 + -68 + -4 + (0 - -12 - -9)?
35
What is 219 + -296 + 113 + 86?
122
What is -46 + -14 + 48 + -43?
-55
Evaluate (1236 - 1277) + -1 + (3 - -8).
-31
Evaluate -9 - (-5 + -4 + 8 - 0) - -13 - 10.
-5
Evaluate 8 + (14 - (39 + -14)) + -3 + 6 + 22.
22
Calculate -44 + (-98 - 15 - -150).
-7
Calculate (6 - 1 - 29) + (264 - 245).
-5
52 + 7 + -9 + -6 + -2 + (69 - 65)
46
(9723 + -9730 - (0 - (0 - 1 - 2))) + 95
85
What is -196 + 83 + 108 - (-1 + 0 + -144)?
140
Evaluate -66 - (-21 - 1 - (107 - (53 - -69))).
-59
(-11 - -21) + (-14 - 66) - ((-1 - -6) + 4)
-79
Calculate -217 - -72 - -156 - -6.
17
What is -95 + 148 + -82 + (13 - -1)?
-15
What is 11 - ((-6 + 27 - 32) + -23)?
45
What is the value of -2 + -7 + 2 - -18 - (-17 - 40 - 14)?
82
What is the value of (-24 - (-27 + 1)) + 2 + -90 + 7?
-79
Evaluate 55 - (-9 + (20 - (14 + 21))).
79
(27 - ((-24 - -27) + 25)) + 16
15
(-155 - (-31 - 32)) + 9
-83
74 - (24 - 51) - 52
49
Calculate 173 + (-14 - -2) + -82 + 51.
130
What is 20 + (11 - (-8 - -8)) + -51?
-20
Evaluate (6 + -44 - -103) + (-3 - (-2 - (2 + -14))).
52
What is the value of (11 + -15 - (1 + -23)) + (-47 - -50)?
21
What is the value of -18 + (28 + 4 - -64 - 17)?
61
Calculate (1 - 6 - 15) + (-9 - -8 - 12).
-33
Calculate 1 + 18 - (-1259 - -1298).
-20
What is the value of (0 - 54) + -22 + 88?
12
Calculate 67 + (-136 - -80) + -23.
-12
Evaluate (-1 - -9 - (1 - -2)) + (-104 - -164).
65
203 + -148 - (-3 - -50)
8
Calculate -29 + 33 + 19 - (98 + 0).
-75
Evaluate 2 + (23 + -56 - (-9 + 1 - (-6 - 0))).
-29
What is (4 - 73) + -1945 + 1889?
-125
(33 - 0) + (-59 - (-122 + 56))
40
4 - (-9 - (-25 + 19)) - 34
-27
What is -43 + 0 + (-939 - -981)?
-1
Calculate -94 + 39 + (97 - 30).
12
Evaluate -33 + 2 - (-1194 + 1150).
13
Calculate -65 + (14 - (29 - 46)).
-34
Calculate (-3 - (-40 + 22 + -9 + -4)) + 14.
42
What is the value of -29 - (-35 - -43) - (-5 - -2)?
-34
What is the value of (0 - 0 - -26) + (-3005 - -3037)?
58
18 + 72 + (-142 - -115)
63
Evaluate 3091 + -3160 - (-22 + (1 - 0)).
-48
Evaluate (1 - -22 - (142 - 92)) + 31.
4
Calculate 6843 + -6883 + (-2 - -94).
52
Calculate -12 + 16 + -90 + -4 + 27 + -5 + -6.
-74
Calculate -102 + (31 + -21 + -2 - (19 + 8)).
-121
Calculate 92 + (1 - (-13 + 47)).
59
Calculate -9 - -37 - ((4 - (-3 + -26)) + -36).
31
(-51 - -133) + -74 + 4
12
Calculate (15 - -72) + -4 - 30 - 24.
29
Calculate -2 + -16 - (-4 + 26 + -7 - 30).
-3
Evaluate 10 + (18 + -7 - 7 - 2) - -14.
26
Evaluate 138 - 223 - (-7 + -10 + 20).
-88
Evaluate 37 + (17 - (88 - 40)) + 25.
31
What is the value of 3 - (57 - 27) - -35 - (-70 + 1)?
77
Calculate (41 - (105 - 53)) + 39.
28
Calculate 6 - (9 + -147 + 65).
79
Calculate -22 + 1 - ((-33 - -94) + -51).
-31
Evaluate -7529 + 7553 + (-1 - (98 + 3)).
-78
What is 86 + 17 + -99 + -8?
-4
What is -130 + 132 + (67 - (1 - (-4 + 8 - 6)))?
66
What is (-219 - -87 - -